e factors of 400767.
3, 19, 79, 89
What are the prime factors of 2124325?
5, 7, 61, 199
List the prime factors of 1405146.
2, 3, 234191
What are the prime factors of 7259206?
2, 929, 3907
What are the prime factors of 15375628?
2, 31, 123997
List the prime factors of 2071702.
2, 23, 29, 1553
What are the prime factors of 5397881?
19, 127, 2237
What are the prime factors of 2959078?
2, 1479539
List the prime factors of 1640832.
2, 3, 4273
List the prime factors of 43621446.
2, 3, 11, 37, 17863
List the prime factors of 184486.
2, 92243
What are the prime factors of 2524876?
2, 109, 5791
What are the prime factors of 26513648?
2, 7, 236729
List the prime factors of 1153789.
7, 13, 31, 409
What are the prime factors of 287781?
3, 13, 47, 157
What are the prime factors of 4719887?
977, 4831
List the prime factors of 80741.
263, 307
List the prime factors of 33648513.
3, 11216171
What are the prime factors of 4980994?
2, 2490497
What are the prime factors of 146446?
2, 37, 1979
List the prime factors of 25278010.
2, 5, 47, 53783
List the prime factors of 311241.
3, 7, 14821
What are the prime factors of 503585?
5, 23, 29, 151
What are the prime factors of 1459360?
2, 5, 7, 1303
What are the prime factors of 1049415?
3, 5, 43, 1627
List the prime factors of 47772.
2, 3, 1327
What are the prime factors of 242922?
2, 3, 40487
What are the prime factors of 17069755?
5, 89, 431
What are the prime factors of 105970?
2, 5, 10597
List the prime factors of 6383236.
2, 23, 69383
What are the prime factors of 345171?
3, 115057
List the prime factors of 1242448.
2, 19, 61, 67
List the prime factors of 8786497.
173, 50789
List the prime factors of 46926.
2, 3, 11, 79
What are the prime factors of 1034790?
2, 3, 5, 17, 2029
What are the prime factors of 158328?
2, 3, 733
What are the prime factors of 9878426?
2, 4939213
List the prime factors of 24644831.
59, 617, 677
What are the prime factors of 453273?
3, 151091
What are the prime factors of 1525187?
19, 80273
What are the prime factors of 2054449?
2054449
List the prime factors of 125044.
2, 43, 727
What are the prime factors of 1449748?
2, 59, 6143
What are the prime factors of 651294?
2, 3, 7, 1723
List the prime factors of 791659.
11, 79, 911
What are the prime factors of 1944284?
2, 486071
List the prime factors of 32051315.
5, 107, 139, 431
List the prime factors of 2412909.
3, 29789
List the prime factors of 6104803.
277, 22039
What are the prime factors of 2110506?
2, 3, 351751
List the prime factors of 2086245.
3, 5, 7, 37, 179
List the prime factors of 289979.
157, 1847
What are the prime factors of 1594476?
2, 3, 13, 3407
What are the prime factors of 6281524?
2, 1570381
What are the prime factors of 812305?
5, 13, 12497
List the prime factors of 226788.
2, 3, 18899
List the prime factors of 152306.
2, 7, 11, 23, 43
What are the prime factors of 223270?
2, 5, 83, 269
List the prime factors of 509303.
17, 29959
What are the prime factors of 8015641?
853, 9397
What are the prime factors of 340737?
3, 53, 2143
What are the prime factors of 645378?
2, 3, 107563
What are the prime factors of 159710?
2, 5, 15971
List the prime factors of 19234391.
11, 227, 7703
What are the prime factors of 735882?
2, 3, 7, 2503
List the prime factors of 1294836.
2, 3, 107903
List the prime factors of 1157763.
3, 101, 3821
List the prime factors of 2773886.
2, 19, 72997
What are the prime factors of 366930?
2, 3, 5, 151
List the prime factors of 4183554.
2, 3, 697259
List the prime factors of 304953.
3, 11, 9241
What are the prime factors of 389059?
11, 113, 313
List the prime factors of 7683126.
2, 3, 11, 116411
What are the prime factors of 429862?
2, 17, 47, 269
List the prime factors of 37425461.
37425461
What are the prime factors of 593777?
593777
What are the prime factors of 6674811?
3, 11, 13, 15559
List the prime factors of 26410.
2, 5, 19, 139
List the prime factors of 241768.
2, 47, 643
List the prime factors of 241875.
3, 5, 43
List the prime factors of 2664275.
5, 19, 71, 79
List the prime factors of 2523534.
2, 3, 13, 32353
What are the prime factors of 24454828?
2, 709, 8623
What are the prime factors of 3869408?
2, 120919
List the prime factors of 6999779.
563, 12433
List the prime factors of 121401.
3, 7, 41, 47
List the prime factors of 525715.
5, 105143
List the prime factors of 24112746.
2, 3, 7, 29, 6599
List the prime factors of 326794.
2, 13, 12569
List the prime factors of 7877102.
2, 193, 20407
List the prime factors of 90506.
2, 13, 59
What are the prime factors of 6659?
6659
What are the prime factors of 28931314?
2, 17, 523, 1627
List the prime factors of 367307.
367307
What are the prime factors of 156723?
3, 7, 17, 439
What are the prime factors of 277413?
3, 89, 1039
What are the prime factors of 1968113?
7, 281159
List the prime factors of 7991876.
2, 1997969
List the prime factors of 225291.
3, 11, 6827
List the prime factors of 145475.
5, 11, 23
What are the prime factors of 2056009?
19, 108211
What are the prime factors of 6457830?
2, 3, 5, 215261
What are the prime factors of 48499?
11, 4409
What are the prime factors of 1589316?
2, 3, 29, 4567
List the prime factors of 4833498.
2, 3, 805583
List the prime factors of 324759.
3, 103, 1051
What are the prime factors of 2214454?
2, 11, 17, 31, 191
What are the prime factors of 1546820?
2, 5, 11, 79, 89
What are the prime factors of 8481526?
2, 23, 47, 3923
What are the prime factors of 791100?
2, 3, 5, 293
List the prime factors of 23295622.
2, 7, 1663973
What are the prime factors of 26578607?
11, 139, 17383
What are the prime factors of 284201?
284201
List the prime factors of 163532.
2, 40883
What are the prime factors of 29727938?
2, 251, 59219
What are the prime factors of 120157?
120157
What are the prime factors of 496373?
107, 4639
List the prime factors of 458210.
2, 5, 45821
What are the prime factors of 2108753?
19, 41, 2707
List the prime factors of 66217.
23, 2879
List the prime factors of 305518.
2, 173, 883
List the prime factors of 1293086.
2, 646543
List the prime factors of 10370212.
2, 37, 41, 1709
List the prime factors of 13291763.
173, 76831
List the prime factors of 8391787.
19, 101, 4373
List the prime factors of 1477273.
7, 211039
What are the prime factors of 3747505?
5, 23, 32587
List the prime factors of 683339.
83, 8233
What are the prime factors of 6959910?
2, 3, 5, 101, 2297
What are the prime factors of 19430395?
5, 3886079
What are the prime factors of 1895640?
2, 3, 5, 15797
What are the prime factors of 375036?
2, 3, 31253
List the prime factors of 16007093.
107, 211, 709
List the prime factors of 1506557.
13, 17, 401
What are the prime factors of 1335700?
2, 5, 19, 37
List the prime factors of 14233407.
3, 4744469
List the prime factors of 282084.
2, 3, 11, 2137
What are the prime factors of 2511363?
3, 19, 44059
List the prime factors of 1541364.
2, 3, 11, 11677
What are the prime factors of 249228?
2, 3, 7, 23, 43
What are the prime factors of 118027?
7, 13, 1297
What are the prime factors of 525023?
163, 3221
What are the prime factors of 618635?
5, 123727
List the prime factors of 239603.
7, 13, 2633
List the prime factors of 2035306.
2, 7, 13, 53, 211
What are the prime factors of 199034?
2, 11, 83, 109
What are the prime factors of 868771?
868771
List the prime factors of 2478965.
5, 71, 6983
List the prime factors of 2212403.
587, 3769
What are the prime factors of 471048?
2, 3, 19, 1033
What are the prime factors of 17314039?
37, 577, 811
List the prime factors of 1358366.
2, 679183
List the prime factors of 221734.
2, 29, 3823
List the prime factors of 38365.
5, 7673
What are the prime factors of 7965920?
2, 5, 49787
List the prime factors of 40616.
2, 5077
What are the prime factors of 1531359?
3, 43, 1319
What are the prime factors of 75506?
2, 19, 1987
What are the prime factors of 18708004?
2, 7, 31, 3079
List the prime factors of 354082.
2, 31, 5711
What are the prime factors of 1038135?
3, 5, 7, 9887
What are the prime factors of 26473846?
2, 7, 83, 22783
List the prime factors of 4575676.
2, 7, 163417
What are the prime factors of 73653?
3, 24551
List the prime factors of 394099.
394099
List the prime factors of 2493607.
73, 34159
What are the prime factors of 24469907?
7, 11, 23, 